{"id":136,"date":"2026-03-10T21:23:49","date_gmt":"2026-03-11T00:23:49","guid":{"rendered":"https:\/\/fenaprove.com.br\/2025\/?page_id=136"},"modified":"2026-03-10T21:33:24","modified_gmt":"2026-03-11T00:33:24","slug":"fenaprove-2026","status":"publish","type":"page","link":"https:\/\/fenaprove.com.br\/2025\/","title":{"rendered":"Fenaprove &#8211; 2026"},"content":{"rendered":"\t\t<div data-elementor-type=\"wp-page\" data-elementor-id=\"136\" class=\"elementor elementor-136\" data-elementor-post-type=\"page\">\n\t\t\t\t<div class=\"elementor-element elementor-element-dddc016 e-flex e-con-boxed e-con e-parent\" data-id=\"dddc016\" data-element_type=\"container\" data-e-type=\"container\" data-settings=\"{&quot;background_background&quot;:&quot;classic&quot;}\">\n\t\t\t\t\t<div class=\"e-con-inner\">\n\t\t<div class=\"elementor-element elementor-element-09c0782 e-con-full e-flex e-con e-child\" data-id=\"09c0782\" data-element_type=\"container\" data-e-type=\"container\">\n\t\t<div class=\"elementor-element elementor-element-72e3f54 e-con-full e-flex e-con e-child\" data-id=\"72e3f54\" data-element_type=\"container\" data-e-type=\"container\">\n\t\t\t\t<div class=\"elementor-element elementor-element-1ae692c elementor-widget elementor-widget-image\" data-id=\"1ae692c\" data-element_type=\"widget\" data-e-type=\"widget\" data-widget_type=\"image.default\">\n\t\t\t\t\t\t\t\t\t\t\t\t\t\t\t<img fetchpriority=\"high\" decoding=\"async\" width=\"1080\" height=\"1080\" src=\"https:\/\/fenaprove.com.br\/2025\/wp-content\/uploads\/2026\/03\/logo2026.jpeg\" class=\"attachment-full size-full wp-image-138\" alt=\"\" srcset=\"https:\/\/fenaprove.com.br\/2025\/wp-content\/uploads\/2026\/03\/logo2026.jpeg 1080w, https:\/\/fenaprove.com.br\/2025\/wp-content\/uploads\/2026\/03\/logo2026-300x300.jpeg 300w, https:\/\/fenaprove.com.br\/2025\/wp-content\/uploads\/2026\/03\/logo2026-1024x1024.jpeg 1024w, https:\/\/fenaprove.com.br\/2025\/wp-content\/uploads\/2026\/03\/logo2026-150x150.jpeg 150w, https:\/\/fenaprove.com.br\/2025\/wp-content\/uploads\/2026\/03\/logo2026-768x768.jpeg 768w\" sizes=\"(max-width: 1080px) 100vw, 1080px\" \/>\t\t\t\t\t\t\t\t\t\t\t\t\t\t\t<\/div>\n\t\t\t\t<\/div>\n\t\t<div class=\"elementor-element elementor-element-17077ba e-con-full e-flex e-con e-child\" data-id=\"17077ba\" data-element_type=\"container\" data-e-type=\"container\">\n\t\t\t\t<div class=\"elementor-element elementor-element-3679114 elementor-widget elementor-widget-heading\" data-id=\"3679114\" data-element_type=\"widget\" data-e-type=\"widget\" data-widget_type=\"heading.default\">\n\t\t\t\t\t<h2 class=\"elementor-heading-title elementor-size-default\">O futuro da prote\u00e7\u00e3o Aguarde, estamos trabalhando para a <span style=\"color:#02C0F4\">pr\u00f3xima edi\u00e7\u00e3o<\/span><\/h2>\t\t\t\t<\/div>\n\t\t\t\t<\/div>\n\t\t\t\t<\/div>\n\t\t<div class=\"elementor-element elementor-element-558c97e e-con-full elementor-hidden-tablet elementor-hidden-mobile e-flex e-con e-child\" data-id=\"558c97e\" data-element_type=\"container\" data-e-type=\"container\">\n\t\t\t\t<\/div>\n\t\t\t\t\t<\/div>\n\t\t\t\t<\/div>\n\t\t<div class=\"elementor-element elementor-element-c8b1ff1 e-con-full e-flex e-con e-parent\" data-id=\"c8b1ff1\" data-element_type=\"container\" data-e-type=\"container\" data-settings=\"{&quot;background_background&quot;:&quot;gradient&quot;}\">\n\t\t\t\t<\/div>\n\t\t<div class=\"elementor-element elementor-element-3ec57cf e-flex e-con-boxed e-con e-parent\" data-id=\"3ec57cf\" data-element_type=\"container\" data-e-type=\"container\" data-settings=\"{&quot;background_background&quot;:&quot;classic&quot;}\">\n\t\t\t\t\t<div class=\"e-con-inner\">\n\t\t<div class=\"elementor-element elementor-element-76b59db e-con-full e-flex e-con e-child\" data-id=\"76b59db\" data-element_type=\"container\" data-e-type=\"container\">\n\t\t\t\t<div class=\"elementor-element elementor-element-e1809f9 elementor-widget__width-initial elementor-widget-mobile__width-inherit elementor-widget elementor-widget-heading\" data-id=\"e1809f9\" data-element_type=\"widget\" data-e-type=\"widget\" data-widget_type=\"heading.default\">\n\t\t\t\t\t<h2 class=\"elementor-heading-title elementor-size-default\">FENAPROVE \u00a9 2026 Todos os direitos reservados.<\/h2>\t\t\t\t<\/div>\n\t\t\t\t<div class=\"elementor-element elementor-element-813c4e2 elementor-position-left elementor-vertical-align-middle elementor-widget elementor-widget-image-box\" data-id=\"813c4e2\" data-element_type=\"widget\" data-e-type=\"widget\" data-widget_type=\"image-box.default\">\n\t\t\t\t\t<div class=\"elementor-image-box-wrapper\"><figure class=\"elementor-image-box-img\"><a href=\"https:\/\/www.instagram.com\/luskas.co\/\" tabindex=\"-1\"><img decoding=\"async\" src=\"http:\/\/fenaprove.com.br\/2025\/wp-content\/uploads\/2025\/10\/luskas.webp\" title=\"\" alt=\"\" loading=\"lazy\" \/><\/a><\/figure><div class=\"elementor-image-box-content\"><h3 class=\"elementor-image-box-title\"><a href=\"https:\/\/www.instagram.com\/luskas.co\/\"><a href=\"https:\/\/www.instagram.com\/luskas.co\/\">Desenvolvido por<\/a><\/a><\/h3><p class=\"elementor-image-box-description\">@luskas.co<\/p><\/div><\/div>\t\t\t\t<\/div>\n\t\t\t\t<\/div>\n\t\t\t\t\t<\/div>\n\t\t\t\t<\/div>\n\t\t\t\t<\/div>\n\t\t","protected":false},"excerpt":{"rendered":"<p>O futuro da prote\u00e7\u00e3o Aguarde, estamos trabalhando para a pr\u00f3xima edi\u00e7\u00e3o FENAPROVE \u00a9 2026 Todos os direitos reservados. Desenvolvido por @luskas.co<\/p>\n","protected":false},"author":1,"featured_media":0,"parent":0,"menu_order":0,"comment_status":"closed","ping_status":"closed","template":"elementor_canvas","meta":{"footnotes":""},"class_list":["post-136","page","type-page","status-publish","hentry"],"_links":{"self":[{"href":"https:\/\/fenaprove.com.br\/2025\/wp-json\/wp\/v2\/pages\/136","targetHints":{"allow":["GET"]}}],"collection":[{"href":"https:\/\/fenaprove.com.br\/2025\/wp-json\/wp\/v2\/pages"}],"about":[{"href":"https:\/\/fenaprove.com.br\/2025\/wp-json\/wp\/v2\/types\/page"}],"author":[{"embeddable":true,"href":"https:\/\/fenaprove.com.br\/2025\/wp-json\/wp\/v2\/users\/1"}],"replies":[{"embeddable":true,"href":"https:\/\/fenaprove.com.br\/2025\/wp-json\/wp\/v2\/comments?post=136"}],"version-history":[{"count":10,"href":"https:\/\/fenaprove.com.br\/2025\/wp-json\/wp\/v2\/pages\/136\/revisions"}],"predecessor-version":[{"id":148,"href":"https:\/\/fenaprove.com.br\/2025\/wp-json\/wp\/v2\/pages\/136\/revisions\/148"}],"wp:attachment":[{"href":"https:\/\/fenaprove.com.br\/2025\/wp-json\/wp\/v2\/media?parent=136"}],"curies":[{"name":"wp","href":"https:\/\/api.w.org\/{rel}","templated":true}]}}